 j?
4
Let j = 41 + -41. Suppose j = 3*r - 4*r - 10. What is the tens digit of 4/r + (-244)/(-10)?
2
Let d(i) = -i**3 + 10*i**2 + 8*i + 15. What is the hundreds digit of d(-6)?
5
Let t be 8/12*((-13392)/3 + 0). What is the tens digit of t/(-14) + 21/49?
1
Suppose -41*l = -35*l - 18. Let f = 67 - -53. Suppose -2*k - 2*b + f = 0, l*b - 5 = -k + 59. What is the units digit of k?
8
Let c = 4697 - 1781. What is the hundreds digit of c?
9
Suppose -2*t = -y - 1207, 0*t - y = 4*t - 2423. What is the units digit of t?
5
What is the hundreds digit of (-2 - 239)*-5 - 8?
1
What is the hundreds digit of -6*(2 + (6 - 71))?
3
Let d = -20 - -31. Suppose 24*a + 5 = 19*a. What is the tens digit of 58 - d - (-2 - a)?
4
What is the tens digit of (1 + 2)*342 - 5/(-1)?
3
Let h(i) = 23*i**2 + i + 1. Suppose 2*t + 1 = t. Let m be h(t). Suppose 0 = 3*p - m - 109. What is the tens digit of p?
4
Let b be (4 + -4)/2 - 18. Let a = b - -25. Suppose 3*w = 2*y + 115, a*w - 179 = 2*w - 3*y. What is the tens digit of w?
3
Suppose -4*f = -22 - 42. Let z = 20 - f. Suppose 3*k - 4*u = 89, -z*k + 8*k = -4*u + 72. What is the units digit of k?
3
What is the units digit of ((-2)/(8/52))/((-8)/1952)?
2
Let a(h) = -h**2 + 31*h - 7. Let b be a(25). Suppose 4*l - 168 - 94 = -2*j, -b = -2*l + 3*j. What is the units digit of l?
7
Suppose 2*u = -3*h + 770, -3*u + 5*h = -544 - 630. Suppose 297 = 5*v - 5*p - u, -4*v + 548 = 5*p. What is the hundreds digit of v?
1
Let w = 80 - -10. Suppose 5*t + 0*t = w. What is the units digit of t?
8
Let h = -32 - -592. What is the hundreds digit of h?
5
Let y = 1001 + -480. What is the units digit of y?
1
Let g(w) = w**2 - 4*w - 5. Let u be g(5). Suppose -18 = x - 2*a, u = -2*x - 4*a + 2*a - 18. Let v = x + 19. What is the units digit of v?
7
Suppose 6*b = 7*b, -5*z = 4*b - 10850. What is the tens digit of z?
7
Suppose -3*p - 192 = -4*v, 2*p - 14 = -v + 23. Let x = v - -28. What is the units digit of x?
3
Let k(z) = 6*z + 147. What is the hundreds digit of k(10)?
2
Suppose 13*i = 4*n + 12*i - 9617, 2*n = 2*i + 4804. What is the units digit of n?
5
Suppose -2*j - 1 = -3. What is the units digit of j - -1 - (-820)/10?
4
Let f(b) = -14*b**3 + 6*b**2 - 5*b - 7. What is the hundreds digit of f(-5)?
9
Suppose -a = 7*a. Let b be -1*a/((-12)/3). Suppose -2*g + 4*w - 58 = -4*g, -2*g - w + 73 = b. What is the tens digit of g?
3
Suppose -5*d = -4*g - 61, -3*d + 2*d - 5*g = 11. Suppose 0 = -d*v + 11*v - 108. What is the tens digit of v?
5
Let s = 5 + 9. Let w = s - 5. Suppose -2 = 4*r + 4*q - 46, 3*q = -w. What is the units digit of r?
4
Suppose 9 = 2*v - 15. Suppose -n - v = -3*n. What is the units digit of 2/1 + (n - -6)?
4
Let l(g) = -g**3 + 5*g**2 + 7*g + 2. Let t be l(6). Let h be (-2 + -6)*(-4)/t. Suppose -211 = -h*r - d, -3*d + 155 = 3*r + d. What is the tens digit of r?
5
Suppose -2*l = l - 192. Let n = l + -39. What is the tens digit of n?
2
Suppose 0*s + 108 = 4*c - 4*s, -s = -4*c + 93. Let w be c - 1/((-3)/9). Suppose b - 2*b = 3*l - 61, -l + w = 5*b. What is the tens digit of l?
2
Suppose -3*t + 908 + 445 = 0. What is the units digit of t?
1
Let y(j) = -j**3 - 8*j**2 - 19*j - 67. What is the tens digit of y(-8)?
8
Suppose -6 + 0 = -2*q. Suppose -4*p = -q*p - 5*v + 23, 20 = 4*v. What is the tens digit of ((-15 - 0) + p)*-2?
2
Suppose 0 - 15 = -3*k. Suppose -k*u + 25 = 200. Let b = u - -56. What is the units digit of b?
1
Suppose 4*l - 625 - 571 = 0. Let p = l + -178. What is the tens digit of p?
2
Let q be (-24)/56 + (-58)/14*-59. Let g = q + -171. What is the tens digit of g?
7
Let r = -918 - -4731. What is the units digit of r?
3
Let r(j) = j**2 + 11*j + 4. Suppose -2*v = -v - l + 14, -2*l = -3*v - 39. Let q be r(v). Suppose 0 = 2*i - 12 + q. What is the units digit of i?
4
Suppose 0 = 3*u + 5*l - 2798, 2*u + l = 2430 - 560. What is the units digit of u?
6
Suppose 0 = m - 2*m + 5*u + 59, -2*m + 5*u + 123 = 0. Let s be (-1 - -75)/(-1 - -2). Suppose -2*a = -k - m, -2*a - s = -5*a - 4*k. What is the tens digit of a?
3
Let g = 599 - 278. What is the tens digit of g?
2
Let r be 91/(-65) - 4/(-10). Let g = -1 - r. Suppose 2*x + 2*y + 8 = g, -2*y = -0*y + 10. What is the units digit of x?
1
Let q = 3 - -30. Suppose q = -3*u + 9. What is the tens digit of ((-195)/20)/(3/u)?
2
Let m(x) = 13*x**2 - 2*x - 14. Let u(a) = -7*a**2 + a + 7. Let t(h) = 6*m(h) + 11*u(h). What is the tens digit of t(7)?
3
Let a(f) = -2*f**3 - 13*f**2 + 25*f - 13. Let s(m) = -m**3 - 7*m**2 + 13*m - 7. Let i(h) = 2*a(h) - 5*s(h). What is the units digit of i(-10)?
9
Let t(l) = -l + 12. Suppose -y = -4*y + 15. Let w be t(y). What is the units digit of w/((-14)/(-76)) + 0?
8
Let y be (4 - 12/3)/(-1). Suppose 3*m - 320 = -2*k + 781, y = -2*k - 4*m + 1102. What is the tens digit of (-4)/(-10) - k/(-15)?
3
Suppose 3*o - 1961 = -245. What is the tens digit of o?
7
Suppose 4*r + 2*z - 19510 = 0, -3*z = 17*r - 14*r - 14625. What is the hundreds digit of r?
8
Suppose 0 = -30*c + 27*c + 123. Let o = -39 + c. What is the units digit of o?
2
Let m = 497 + -233. What is the units digit of m?
4
Suppose 2*z - x = -0*z + 2, -3*x + 12 = 3*z. Suppose -z*u + 4*u - 32 = 0. What is the tens digit of u?
1
Suppose -4*n = -y - 422 - 399, -4*n + 823 = -3*y. What is the tens digit of n?
0
Let g(y) = 3*y**3 + 9*y - 33. What is the tens digit of g(5)?
8
Let t be (-4)/12 - 3*57/(-27). Let o(q) = -3*q + 3 + 2*q**2 + q - 9. What is the units digit of o(t)?
4
Let v(h) be the first derivative of -h**4/4 + 10*h - 1. Let l be v(0). What is the units digit of l + -1 - (3 - 3)?
9
Let f(w) = -w**2 - 5*w - 1. Let t be f(-4). Suppose t*j = 9, 190 = 5*m - 4*j - j. Let l = -29 + m. What is the units digit of l?
2
Let k = -461 + 816. What is the units digit of k?
5
Let s(v) = v**2 - 3*v + 1. Let z be s(2). Let d be 1 + z + 3 - 81. What is the tens digit of ((-2)/(-4))/((-3)/d)?
1
Let t(p) = -3*p - 71. Let v be t(-19). Suppose 547 - 155 = 4*a. What is the units digit of v/(-35) + a/5?
0
What is the hundreds digit of -3*(-2)/36 - 10306/(-12)?
8
Let d = -55 + 61. Suppose -4*k + 276 = 2*y, y - 5*k = d*y - 715. What is the tens digit of y?
4
Let z = -2601 - -4509. What is the thousands digit of z?
1
Let q(r) = -2*r**2 + 125*r - 112. What is the hundreds digit of q(52)?
9
Suppose -6 = -51*r + 54*r. What is the units digit of 4/r - -49 - -1?
8
Let p = 30 - 25. Suppose p = -2*x + 93. What is the units digit of x?
4
Let a = -6168 + 11282. What is the hundreds digit of a?
1
Let u(s) be the third derivative of -1/60*s**5 - 1/2*s**3 + 0*s + 0 + 7/24*s**4 + s**2. What is the units digit of u(5)?
7
Let n = 22 + -50. Let v be ((-106)/(-6))/(2/(-6)). Let y = n - v. What is the units digit of y?
5
Let p = 3 - 15. Let z = 8 + p. Let n = 16 + z. What is the units digit of n?
2
Let x = -399 + 958. What is the hundreds digit of x?
5
Suppose 6*h + 843 - 81 = 0. Let a = 190 + h. What is the tens digit of a?
6
Let t be ((-1)/5)/(2/(-6))*5. Suppose 7*a - 336 = t*a. What is the tens digit of a?
8
Let j(s) = s**2 - 2*s + 1. Let i be j(3). Suppose i*r + 0*r = 264. What is the tens digit of r?
6
Let h(z) = 205*z + 151. What is the hundreds digit of h(11)?
4
Let u(a) = -2 - 10 - 7*a + a. Let c be u(-6). Let w = 31 + c. What is the units digit of w?
5
Let l(m) = -5*m - 32. Let a be l(-9). Suppose -a*i = -16*i + 318. What is the hundreds digit of i?
1
Let k(s) be the first derivative of -8*s**2 + 3 - 1/3*s**3 + 9*s. What is the tens digit of k(-14)?
3
Let r = 61 - 41. Let w = 36 - r. What is the tens digit of w?
1
Let r = -292 + 581. What is the hundreds digit of r?
2
Let n = 2450 + -1545. What is the hundreds digit of n?
9
Let i = -58 - -58. Suppose -3*p - 3*h = -291, 3*p + i*h - h = 303. What is the units digit of p?
0
What is the thousands digit of -1 + (6988/((-12)/3))/(-1)?
1
Suppose 4*z + 116 = q - 156, 0 = -2*q + z + 544. What is the units digit of q?
2
Let n(q) = -67*q + 3. Let u be n(-1). Suppose 41 = g + 2*x - 0*x, -2*g + 2*x + u = 0. What is the units digit of g?
7
Suppose 69*o + 22510 = 79*o. What is the thousands digit of o?
2
Let q = -3428 + 5907. What is the hundreds digit of q?
4
Let s(y) = 2*y**3 - 9*y**2 - 6*y + 1. What is the hundreds digit of s(7)?
2
Let u be -4*(-6769)/112 - 1/(-4). Suppose 2*m = u + 64. What is the units digit of m?
3
Supp